{"id":1572,"date":"2023-06-15T23:53:15","date_gmt":"2023-06-15T21:53:15","guid":{"rendered":"https:\/\/eschoolbank.com\/croazia\/?page_id=1572"},"modified":"2023-06-23T09:58:17","modified_gmt":"2023-06-23T07:58:17","slug":"garancije","status":"publish","type":"page","link":"https:\/\/eschoolbank.com\/croazia\/garancije\/","title":{"rendered":"Garancije"},"content":{"rendered":"\n<p>Garancija je naj\u010de\u0161\u0107e kori\u0161teni instrument osiguranja koji banka izdaje na zahtjev i njime garantira tre\u0107oj strani da \u0107e izvr\u0161iti pla\u0107anje iznosa iz garancije, ako klijent ne izvr\u0161i svoju obvezu po ugovorenom poslu. Izdajemo garancije u zemlji i inozemstvu za redovno poslovanje kao i posebne garancije prilago\u0111ene va\u0161im potrebama.<\/p>\n\n\n\n<div class=\"wp-block-media-text has-media-on-the-right is-stacked-on-mobile\"><div class=\"wp-block-media-text__content\">\n<p><strong>Naj\u010de\u0161\u0107e vrste garancija su:<\/strong><\/p>\n\n\n\n<ul class=\"wp-block-list\">\n<li>garancija za ozbiljnost ponude<\/li>\n\n\n\n<li>garancija za dobro izvr\u0161enje posla<\/li>\n\n\n\n<li>garancija za otklanjanje nedostataka u garantnom roku<\/li>\n\n\n\n<li>garancija za povrat avansa<\/li>\n\n\n\n<li>garancija za pla\u0107anje isporu\u010dene robe<\/li>\n\n\n\n<li>garancija za uredan povrat kredita<\/li>\n\n\n\n<li>carinske garancije<\/li>\n<\/ul>\n<\/div><figure class=\"wp-block-media-text__media\"><img loading=\"lazy\" decoding=\"async\" width=\"612\" height=\"409\" src=\"https:\/\/eschoolbank.com\/croazia\/wp-content\/uploads\/sites\/3\/2023\/06\/istockphoto-1295819436-612x612-2.jpg\" alt=\"\" class=\"wp-image-1573 size-full\" srcset=\"https:\/\/eschoolbank.com\/croazia\/wp-content\/uploads\/sites\/3\/2023\/06\/istockphoto-1295819436-612x612-2.jpg 612w, https:\/\/eschoolbank.com\/croazia\/wp-content\/uploads\/sites\/3\/2023\/06\/istockphoto-1295819436-612x612-2-300x200.jpg 300w\" sizes=\"(max-width: 612px) 100vw, 612px\" \/><\/figure><\/div>\n","protected":false},"excerpt":{"rendered":"<p>Garancija je naj\u010de\u0161\u0107e kori\u0161teni instrument osiguranja koji banka izdaje na zahtjev i njime garantira tre\u0107oj strani da \u0107e izvr\u0161iti pla\u0107anje iznosa iz garancije, ako klijent ne izvr\u0161i svoju obvezu po ugovorenom poslu. Izdajemo garancije u zemlji i inozemstvu za redovno poslovanje kao i posebne garancije prilago\u0111ene va\u0161im potrebama.<\/p>\n","protected":false},"author":1,"featured_media":0,"parent":0,"menu_order":0,"comment_status":"closed","ping_status":"closed","template":"","meta":{"footnotes":""},"class_list":["post-1572","page","type-page","status-publish","hentry"],"_links":{"self":[{"href":"https:\/\/eschoolbank.com\/croazia\/wp-json\/wp\/v2\/pages\/1572"}],"collection":[{"href":"https:\/\/eschoolbank.com\/croazia\/wp-json\/wp\/v2\/pages"}],"about":[{"href":"https:\/\/eschoolbank.com\/croazia\/wp-json\/wp\/v2\/types\/page"}],"author":[{"embeddable":true,"href":"https:\/\/eschoolbank.com\/croazia\/wp-json\/wp\/v2\/users\/1"}],"replies":[{"embeddable":true,"href":"https:\/\/eschoolbank.com\/croazia\/wp-json\/wp\/v2\/comments?post=1572"}],"version-history":[{"count":6,"href":"https:\/\/eschoolbank.com\/croazia\/wp-json\/wp\/v2\/pages\/1572\/revisions"}],"predecessor-version":[{"id":2127,"href":"https:\/\/eschoolbank.com\/croazia\/wp-json\/wp\/v2\/pages\/1572\/revisions\/2127"}],"wp:attachment":[{"href":"https:\/\/eschoolbank.com\/croazia\/wp-json\/wp\/v2\/media?parent=1572"}],"curies":[{"name":"wp","href":"https:\/\/api.w.org\/{rel}","templated":true}]}}