{"id":1529,"date":"2023-06-15T23:06:20","date_gmt":"2023-06-15T21:06:20","guid":{"rendered":"https:\/\/eschoolbank.com\/croazia\/?page_id=1529"},"modified":"2025-07-09T23:10:13","modified_gmt":"2025-07-09T21:10:13","slug":"kalkulator-stednje-po","status":"publish","type":"page","link":"https:\/\/eschoolbank.com\/croazia\/kalkulator-stednje-po\/","title":{"rendered":"PO Kalkulator \u0161tednje"},"content":{"rendered":"\n<p><\/p>\n\n\n\n<div class=\"wp-block-media-text is-stacked-on-mobile\" style=\"grid-template-columns:37% auto\"><figure class=\"wp-block-media-text__media\"><a href=\"https:\/\/a2a0b24137b649a7aa3860c845350245.elf.site\" target=\"_blank\" rel=\"noreferrer noopener\"><img loading=\"lazy\" decoding=\"async\" width=\"873\" height=\"1024\" src=\"https:\/\/eschoolbank.com\/croazia\/wp-content\/uploads\/sites\/3\/2023\/06\/calculator-4285211_1280-873x1024.webp\" alt=\"\" class=\"wp-image-1734 size-full\" srcset=\"https:\/\/eschoolbank.com\/croazia\/wp-content\/uploads\/sites\/3\/2023\/06\/calculator-4285211_1280-873x1024.webp 873w, https:\/\/eschoolbank.com\/croazia\/wp-content\/uploads\/sites\/3\/2023\/06\/calculator-4285211_1280-256x300.webp 256w, https:\/\/eschoolbank.com\/croazia\/wp-content\/uploads\/sites\/3\/2023\/06\/calculator-4285211_1280-768x901.webp 768w, https:\/\/eschoolbank.com\/croazia\/wp-content\/uploads\/sites\/3\/2023\/06\/calculator-4285211_1280.webp 1091w\" sizes=\"(max-width: 873px) 100vw, 873px\" \/><\/a><\/figure><div class=\"wp-block-media-text__content\">\n<p>Klikom na <strong><a href=\"https:\/\/a2a0b24137b649a7aa3860c845350245.elf.site\" target=\"_blank\" rel=\"noreferrer noopener\">sliku kalkulatora<\/a><\/strong> unesite parametre s kojima raspola\u017eete i istra\u017eite svoje mogu\u0107nosti \u0161tednje.<\/p>\n\n\n\n<p>Izra\u010dun oro\u010denja informativnog je karaktera, a za detaljnije informacije o mogu\u0107nostima \u0161tednje mo\u017eete dogovoriti sastanak u poslovnici e-School banke.<\/p>\n<\/div><\/div>\n","protected":false},"excerpt":{"rendered":"<p>Klikom na sliku kalkulatora unesite parametre s kojima raspola\u017eete i istra\u017eite svoje mogu\u0107nosti \u0161tednje. Izra\u010dun oro\u010denja informativnog je karaktera, a za detaljnije informacije o mogu\u0107nostima \u0161tednje mo\u017eete dogovoriti sastanak u poslovnici e-School banke.<\/p>\n","protected":false},"author":1,"featured_media":0,"parent":0,"menu_order":0,"comment_status":"closed","ping_status":"closed","template":"","meta":{"footnotes":""},"class_list":["post-1529","page","type-page","status-publish","hentry"],"_links":{"self":[{"href":"https:\/\/eschoolbank.com\/croazia\/wp-json\/wp\/v2\/pages\/1529"}],"collection":[{"href":"https:\/\/eschoolbank.com\/croazia\/wp-json\/wp\/v2\/pages"}],"about":[{"href":"https:\/\/eschoolbank.com\/croazia\/wp-json\/wp\/v2\/types\/page"}],"author":[{"embeddable":true,"href":"https:\/\/eschoolbank.com\/croazia\/wp-json\/wp\/v2\/users\/1"}],"replies":[{"embeddable":true,"href":"https:\/\/eschoolbank.com\/croazia\/wp-json\/wp\/v2\/comments?post=1529"}],"version-history":[{"count":28,"href":"https:\/\/eschoolbank.com\/croazia\/wp-json\/wp\/v2\/pages\/1529\/revisions"}],"predecessor-version":[{"id":4540,"href":"https:\/\/eschoolbank.com\/croazia\/wp-json\/wp\/v2\/pages\/1529\/revisions\/4540"}],"wp:attachment":[{"href":"https:\/\/eschoolbank.com\/croazia\/wp-json\/wp\/v2\/media?parent=1529"}],"curies":[{"name":"wp","href":"https:\/\/api.w.org\/{rel}","templated":true}]}}