{"id":1509,"date":"2023-06-15T22:52:15","date_gmt":"2023-06-15T20:52:15","guid":{"rendered":"https:\/\/eschoolbank.com\/croazia\/?page_id=1509"},"modified":"2023-07-06T15:44:36","modified_gmt":"2023-07-06T13:44:36","slug":"naknade-fizicke-osobe","status":"publish","type":"page","link":"https:\/\/eschoolbank.com\/croazia\/naknade-fizicke-osobe\/","title":{"rendered":"Naknade fizi\u010dke osobe"},"content":{"rendered":"\n<div class=\"wp-block-media-text is-stacked-on-mobile\" style=\"grid-template-columns:60% auto\"><figure class=\"wp-block-media-text__media\"><img loading=\"lazy\" decoding=\"async\" width=\"1024\" height=\"682\" src=\"https:\/\/eschoolbank.com\/croazia\/wp-content\/uploads\/sites\/3\/2023\/07\/laptop-2558665_1280-1024x682.jpg\" alt=\"\" class=\"wp-image-2636 size-full\" srcset=\"https:\/\/eschoolbank.com\/croazia\/wp-content\/uploads\/sites\/3\/2023\/07\/laptop-2558665_1280-1024x682.jpg 1024w, https:\/\/eschoolbank.com\/croazia\/wp-content\/uploads\/sites\/3\/2023\/07\/laptop-2558665_1280-300x200.jpg 300w, https:\/\/eschoolbank.com\/croazia\/wp-content\/uploads\/sites\/3\/2023\/07\/laptop-2558665_1280-768x512.jpg 768w, https:\/\/eschoolbank.com\/croazia\/wp-content\/uploads\/sites\/3\/2023\/07\/laptop-2558665_1280-1140x760.jpg 1140w, https:\/\/eschoolbank.com\/croazia\/wp-content\/uploads\/sites\/3\/2023\/07\/laptop-2558665_1280.jpg 1280w\" sizes=\"(max-width: 1024px) 100vw, 1024px\" \/><\/figure><div class=\"wp-block-media-text__content\">\n<p class=\"has-text-align-center\"><strong>Naknade banke u poslovanju sa fizi\u010dkim osobama<\/strong><\/p>\n\n\n\n<p class=\"has-text-align-center\">su tarife banke za usluge u poslovanju s doma\u0107im i stranim fizi\u010dkim osobama (gra\u0111anima) kojom su definirane visine naknada u poslovanju s fizi\u010dkim osobama. Aktualne naknade e-SB pogledajte u PDF dokumentu <strong><a href=\"https:\/\/eschoolbank.com\/croazia\/wp-content\/uploads\/sites\/3\/2023\/07\/Odluka-o-tarifama-FO.pdf\" data-type=\"attachment\" data-id=\"2623\" target=\"_blank\" rel=\"noreferrer noopener\">ovdje<\/a><\/strong>.<\/p>\n<\/div><\/div>\n\n\n\n<p><\/p>\n\n\n\n<p>Prije nego potro\u0161a\u010d u banci otvori ra\u010dun za pla\u0107anje (teku\u0107i ra\u010dun gra\u0111ana, \u017eiro ra\u010dun ili za\u0161ti\u0107eni ra\u010dun), banka mu je obvezna uru\u010diti&nbsp;<strong>Informativni dokument o naknadama<\/strong>, koji sadr\u017eava sve informacije o visini naknada za platne usluge, povezane s tim ra\u010dunom. U slu\u010daju promjene neke od naknada ili objavljenih informacija vezano za naknade, banke su du\u017ene o tome odmah izvijestiti HNB, koji potom a\u017eurira objavljene informacije.<\/p>\n\n\n\n<div class=\"wp-block-media-text has-media-on-the-right is-stacked-on-mobile\" style=\"grid-template-columns:auto 62%\"><div class=\"wp-block-media-text__content\">\n<p class=\"has-text-align-center\"><strong>Naknade banke sa obradu kreditnog zahtjeva<\/strong><\/p>\n\n\n\n<p class=\"has-text-align-center\">Odaberite na\u010din financiranja koji najbolje odgovara va\u0161im potrebama i \u017eeljama uz kredite e-School Banke. Aktualne naknade za obradu kreditnog zahtjeva pogledajte u PDF dokumentu <strong><a rel=\"noreferrer noopener\" href=\"https:\/\/eschoolbank.com\/croazia\/wp-content\/uploads\/sites\/3\/2023\/07\/Odluka-o-tarifama-FO.pdf\" data-type=\"attachment\" data-id=\"2623\" target=\"_blank\">ovdje<\/a><\/strong>.<\/p>\n<\/div><figure class=\"wp-block-media-text__media\"><img loading=\"lazy\" decoding=\"async\" width=\"1024\" height=\"576\" src=\"https:\/\/eschoolbank.com\/croazia\/wp-content\/uploads\/sites\/3\/2023\/06\/loan-4385136_1280-3-1024x576.jpg\" alt=\"\" class=\"wp-image-1099 size-full\" srcset=\"https:\/\/eschoolbank.com\/croazia\/wp-content\/uploads\/sites\/3\/2023\/06\/loan-4385136_1280-3-1024x576.jpg 1024w, https:\/\/eschoolbank.com\/croazia\/wp-content\/uploads\/sites\/3\/2023\/06\/loan-4385136_1280-3-300x169.jpg 300w, https:\/\/eschoolbank.com\/croazia\/wp-content\/uploads\/sites\/3\/2023\/06\/loan-4385136_1280-3-768x432.jpg 768w, https:\/\/eschoolbank.com\/croazia\/wp-content\/uploads\/sites\/3\/2023\/06\/loan-4385136_1280-3-1140x641.jpg 1140w, https:\/\/eschoolbank.com\/croazia\/wp-content\/uploads\/sites\/3\/2023\/06\/loan-4385136_1280-3.jpg 1280w\" sizes=\"(max-width: 1024px) 100vw, 1024px\" \/><\/figure><\/div>\n","protected":false},"excerpt":{"rendered":"<p>Naknade banke u poslovanju sa fizi\u010dkim osobama su tarife banke za usluge u poslovanju s doma\u0107im i stranim fizi\u010dkim osobama (gra\u0111anima) kojom su definirane visine naknada u poslovanju s fizi\u010dkim osobama. Aktualne naknade e-SB pogledajte u PDF dokumentu ovdje. Prije nego potro\u0161a\u010d u banci otvori ra\u010dun za pla\u0107anje (teku\u0107i ra\u010dun gra\u0111ana, \u017eiro ra\u010dun ili za\u0161ti\u0107eni ra\u010dun), banka mu je obvezna uru\u010diti&nbsp;Informativni dokument o naknadama, koji sadr\u017eava sve informacije o visini naknada za platne usluge, povezane s tim ra\u010dunom. U slu\u010daju promjene neke od naknada ili objavljenih informacija vezano za naknade, banke su du\u017ene o tome odmah izvijestiti HNB, koji potom a\u017eurira objavljene informacije. Naknade banke sa obradu kreditnog zahtjeva Odaberite na\u010din financiranja koji najbolje odgovara va\u0161im potrebama i \u017eeljama uz kredite e-School Banke. Aktualne naknade za obradu kreditnog zahtjeva pogledajte u PDF dokumentu ovdje.<\/p>\n","protected":false},"author":1,"featured_media":0,"parent":0,"menu_order":0,"comment_status":"closed","ping_status":"closed","template":"","meta":{"footnotes":""},"class_list":["post-1509","page","type-page","status-publish","hentry"],"_links":{"self":[{"href":"https:\/\/eschoolbank.com\/croazia\/wp-json\/wp\/v2\/pages\/1509"}],"collection":[{"href":"https:\/\/eschoolbank.com\/croazia\/wp-json\/wp\/v2\/pages"}],"about":[{"href":"https:\/\/eschoolbank.com\/croazia\/wp-json\/wp\/v2\/types\/page"}],"author":[{"embeddable":true,"href":"https:\/\/eschoolbank.com\/croazia\/wp-json\/wp\/v2\/users\/1"}],"replies":[{"embeddable":true,"href":"https:\/\/eschoolbank.com\/croazia\/wp-json\/wp\/v2\/comments?post=1509"}],"version-history":[{"count":58,"href":"https:\/\/eschoolbank.com\/croazia\/wp-json\/wp\/v2\/pages\/1509\/revisions"}],"predecessor-version":[{"id":2776,"href":"https:\/\/eschoolbank.com\/croazia\/wp-json\/wp\/v2\/pages\/1509\/revisions\/2776"}],"wp:attachment":[{"href":"https:\/\/eschoolbank.com\/croazia\/wp-json\/wp\/v2\/media?parent=1509"}],"curies":[{"name":"wp","href":"https:\/\/api.w.org\/{rel}","templated":true}]}}